 b and y.
8
Let x = 9 - 6. Suppose -5*y + y - 5*w = -110, -2*w = -x*y + 94. What is the greatest common divisor of 15 and y?
15
Let o = 2 + -15. Let z(i) = i**2 + 12*i - 8. Let d be z(o). Calculate the highest common factor of 35 and d.
5
Let y be 0 + (2*3)/2. Let w(v) = 2*v**2 + 14*v + 9. Let j be w(-7). Calculate the highest common divisor of j and y.
3
Let r(k) be the second derivative of -k**4/12 - 2*k**3/3 - k**2/2 - 2*k. Let x be r(-3). What is the highest common divisor of x and 5?
1
Suppose 0 = -0*s + 2*s - 38. Let o = s + -10. What is the greatest common factor of o and 45?
9
Suppose 3*a + 329 = 4*v, 4*v - 213 = -2*a + 101. Let g be v/(-3)*(3 - 9). Calculate the highest common factor of g and 20.
20
Let j(m) = 3 + m**2 + 3 + 4*m - m**3 - 3*m. Let y be j(0). What is the greatest common factor of 66 and y?
6
Let d(y) = -3*y**3 - y**2 + y + 1. Let p be d(-1). Let i be p*2/(-4) - -33. What is the greatest common factor of 4 and i?
4
Suppose -5*d = -4*k + 31 + 88, -3*d + 15 = 0. Let g = k - 15. Calculate the greatest common factor of 21 and g.
21
Let k be 2/(-5)*(-9 - -4). Suppose k*y + 124 = p + 3*p, 5*y - 110 = -4*p. Calculate the highest common divisor of 6 and p.
6
Suppose -6*y + 43 + 5 = 0. What is the greatest common factor of 12 and y?
4
Suppose -w = 3*w - c - 26, -3*w + 3*c = -15. What is the greatest common divisor of w and 49?
7
Suppose -2*y - 4*s + 3*s + 36 = 0, -41 = -3*y + 5*s. What is the highest common factor of 85 and y?
17
Suppose 0 = -0*y + 3*y - 33. What is the highest common factor of 77 and y?
11
Let r = -1 + 3. Suppose r*y - 4 = -0. Suppose -y*c - c = -42. What is the highest common factor of 35 and c?
7
Let q = 32 + 7. Calculate the highest common divisor of q and 78.
39
Suppose -2*r + 3*r - 8 = 0. Let i(n) = -2*n + 1. Let d be i(r). Let l be (-5)/d - 53/(-3). Calculate the highest common divisor of 72 and l.
18
Let l = 9 - 7. Let n(v) = 2*v - 2. Let j be n(l). Suppose 0 = -j*z - 3*z + 95. Calculate the highest common factor of 57 and z.
19
Let o(i) = -i**2 + 9*i - 1. Suppose 2*z + 4*a = 10, 4*z + z - a = 47. Let h be o(z). Let u = 11 + h. Calculate the highest common factor of u and 10.
10
Let r(p) = -p**3 - 19*p**2 + 21*p + 22. Let b be r(-20). Suppose 0 = 5*f + 10, -4*c + 5*c = 4*f + 26. Calculate the greatest common factor of c and b.
2
Let y(m) = -m**3 - 2*m**2 + 2*m - 1. Let n be y(-3). Suppose 0 = n*d + d - 66. What is the greatest common factor of 110 and d?
22
Suppose -2*x = 3*x + 5*p - 45, -p - 18 = -2*x. Suppose 8*g + i = 6*g + 37, -3*i + 93 = 5*g. Calculate the highest common factor of g and x.
9
Suppose -i + 37 = -19. Let f(m) = m**2 + 5*m - 7. Suppose 3*r + 28 = -r. Let j be f(r). Calculate the greatest common divisor of i and j.
7
Let w(u) = -u - 1. Let v be w(-3). Suppose -l + 33 = v*l. What is the greatest common factor of 44 and l?
11
Let p = 14 - 5. What is the greatest common divisor of 99 and p?
9
Suppose -4*j + 37 + 7 = 0. Calculate the highest common divisor of j and 1.
1
Let x(q) = 2*q**3 + 12*q**2 - 15*q + 9. Let n be x(-7). Let g = 4 + -2. What is the greatest common factor of n and g?
2
Suppose 5*t = 20, 2*y - t + 1 = -3. Suppose y = -h + 38 + 32. What is the greatest common factor of h and 10?
10
Suppose 4*a = 4*t - 45 - 31, -5*t = a - 65. Calculate the highest common divisor of 154 and t.
14
Suppose -3*s - s = -32. Suppose 5*l + 250 = 5*p, s*p - 230 = 3*p + l. Calculate the highest common factor of p and 30.
15
Let a be (-16)/(-6)*108/48. Calculate the highest common divisor of 66 and a.
6
Let t be (0 + 30/(-12))*4/(-5). Calculate the highest common divisor of 14 and t.
2
Let k be (-2 - 2/(-2))*-3. Calculate the highest common divisor of k and 3.
3
Let k(n) = n**2 + n + 24. Let p be k(-7). Let j = 23 + 21. What is the greatest common factor of p and j?
22
Let u(d) = -d**3 - 4*d**2 - 2*d - 1. Let c be u(-3). Let p be ((-72)/15)/(c/50). Calculate the greatest common divisor of 20 and p.
20
Suppose 50*f = 53*f - 18. Calculate the greatest common factor of f and 24.
6
Let g(h) = 4*h**2 + 9*h - 4. Let l be g(-5). Calculate the highest common divisor of 34 and l.
17
Let p = 4 - -1. Let k(z) be the second derivative of z**4/12 + z**3/2 - 5*z**2/2 - 2*z. Let c be k(-5). What is the greatest common factor of c and p?
5
Suppose -5*o + 9 + 6 = 0. Let n = 16 + o. What is the highest common factor of 171 and n?
19
Let m(h) = 6*h**2 + 2*h. Let l be m(-3). Calculate the highest common divisor of 24 and l.
24
Let u be (1 - (-9)/(-6))*0. Let r(w) = -w**2 + w + 8. Let f be r(u). Let v = 16 - f. Calculate the highest common divisor of v and 8.
8
Let z be 5/(-2) + 3/(-6). Let x = z - -8. Suppose 282 = 4*g - 2*h, x*g + h - 110 = 253. Calculate the highest common factor of g and 9.
9
Suppose 5*v = 547 + 293. Suppose m - 24 = -3*u, 7 = m + 4*u - 18. Calculate the highest common divisor of m and v.
21
Suppose 5*r = t + 33, t - 5*t + 3*r - 64 = 0. Let q = 6 - t. Let a be 0 + 2 + 31*3. What is the highest common divisor of q and a?
19
Let c = -16 - -19. Suppose -n + 8 = -c. What is the highest common divisor of n and 55?
11
Suppose 4*d + 3*o - 10 = 0, -2*d + 2 = -2*o + 5*o. Suppose 0 = -5*h + f - 3*f + 156, 158 = 5*h + f. What is the greatest common factor of h and d?
4
Suppose -1 = -l + 3*v, 0*v - 25 = -l - 5*v. Suppose 0*g + 82 = 2*g. Suppose 5*z + 4*n = 62, -4*z - z = -3*n - g. What is the highest common factor of l and z?
10
Suppose h - 71 = 39. What is the greatest common factor of 10 and h?
10
Let a(m) = m**3 + m**2 - 8*m + 7. Let p be a(5). Let o = -2 - 19. Let r = o - -34. Calculate the highest common factor of r and p.
13
Suppose 2*s - 6 = 3*s. Let r(k) = -k**2 - 6*k + 2. Let d be r(s). Let i be (d - (-22)/(-4))*-36. Calculate the greatest common divisor of 18 and i.
18
Let t(c) = -c**3 - 5*c**2 - 6*c - 4. Let b be t(-4). Calculate the greatest common divisor of 8 and b.
4
Let a = 7 + -12. Let g = 5 - a. Calculate the greatest common factor of g and 100.
10
Suppose -c - 8*q = -7*q - 103, 0 = -2*q + 2. Calculate the highest common factor of c and 34.
34
Let q(m) be the third derivative of 0*m + 1/30*m**5 - m**2 - 1/4*m**4 + 0 + 0*m**3. Let g be q(4). Calculate the highest common divisor of 2 and g.
2
Let r(i) = i + 5. Let h(g) = -g**3 + 3*g**2 + 1. Let x be h(2). Let t be r(x). What is the greatest common divisor of t and 110?
10
Let g(l) = 19*l - 18. Let o be g(12). What is the highest common divisor of o and 30?
30
Let m be 3/(-9) - (-140)/6. Let x = m - 12. What is the greatest common divisor of 55 and x?
11
Let k be ((-16)/(-12))/((-2)/9). Let n be k/21 + (-38)/14. Let x be 4/(6/n)*-13. What is the highest common factor of x and 39?
13
Suppose 2*s + 2*s + 2*o = 34, 2*o - 23 = -3*s. Calculate the highest common divisor of 187 and s.
11
Let o = 45 - 30. Suppose c - 5*j + o = 6*c, c - 2*j - 15 = 0. Calculate the greatest common factor of 7 and c.
7
Suppose -3*m = -m - 6. Calculate the greatest common divisor of 3 and m.
3
Let h(p) = p**3 + 2*p**2 + 2*p + 2. Let r be h(-2). Let x be 0*r/6 - -38. Let m = 39 + x. Calculate the greatest common factor of 7 and m.
7
Let q be (-12)/8*2/(-1). Let h = 4 - -1. Suppose -5*k + 175 = -0*k + 2*l, -3*k - h*l + 124 = 0. Calculate the greatest common factor of q and k.
3
Let v be ((-1)/(-2))/(3/114). Let o be (-5)/(-15) - (-286)/6. Let x = o + -29. Calculate the greatest common factor of x and v.
19
Suppose 0 = -3*d - 2*l + 86, 4*d + l - 116 = -l. Calculate the greatest common divisor of d and 5.
5
Let z(l) = -l**2 + l + 8. Let r be z(0). Suppose 8*x - r = 4*x. Let j be (-8)/(-6) - (-4)/6. What is the greatest common factor of j and x?
2
Let z = -4 - -13. Suppose 13*y - 16*y - 9 = 0. Let u = 12 + y. Calculate the greatest common divisor of u and z.
9
Let t = 18 - 14. Suppose 0 = o + t*o - 4*z - 333, 2*o - 5*z - 140 = 0. What is the highest common divisor of 13 and o?
13
Suppose -2*y + 5 - 3 = 0. What is the highest common factor of y and 4?
1
Suppose -16 = -4*h, 0*k + 3*k - 138 = -3*h. Calculate the greatest common factor of 63 and k.
21
Suppose 3*j - 171 = 4*u, -5*u + 114 = 3*j - j. Let c = -41 + j. Calculate the highest common factor of 16 and c.
16
Suppose 0*c - 9*c + 9 = 0. Calculate the greatest common divisor of c and 7.
1
Let v be 4/(0 + (0 - (-1)/72)). Calcul